{"id":24,"date":"2020-02-10T16:51:11","date_gmt":"2020-02-10T15:51:11","guid":{"rendered":"https:\/\/efmmin.com\/6\/?page_id=24"},"modified":"2022-09-02T18:42:28","modified_gmt":"2022-09-02T16:42:28","slug":"inscriptions","status":"publish","type":"page","link":"https:\/\/efmmin.com\/6\/inscriptions\/","title":{"rendered":"INSCRIPTIONS"},"content":{"rendered":"\n<p>             La participation \u00e0 EFMMIN est ouverte aux \u00e9tudiants de masters en deuxi\u00e8me ann\u00e9e ou des \u00e9coles d\u2019ing\u00e9nieurs, aux doctorants et post-doctorants ainsi qu\u2019aux professionnels techniciens, ing\u00e9nieurs, chercheurs et enseignants-chercheurs en relation avec la th\u00e9matique de l\u2019\u00e9cole exer\u00e7ant au Maroc ou en France.           <\/p>\n\n\n\n<p><strong>Si vous \u00eates au Maroc<\/strong>, veuillez vous connecter au <a href=\"https:\/\/docs.google.com\/forms\/d\/e\/1FAIpQLSfGlRRpoGElU7BzQx6hMLaj54KijW4IfS5KvoF1u1bzkNQDOw\/viewform?usp=pp_url\">lien suivant<\/a> et remplir le formulaire.  <\/p>\n\n\n\n<p><strong>Si vous \u00eates en France,<\/strong> veuillez prendre contact avec <a href=\"mailto:abdallah.lyoussi@cea.fr\">M. Abdallah Lyoussi <\/a>et Mme <a href=\"mailto:christelle.carette@univ-amu.fr\">Christelle Reynard-Carette<\/a> <\/p>\n\n\n\n<p class=\"has-text-color has-vivid-cyan-blue-color\"><strong>Date limite d&rsquo;inscription : 20 Septembre 2022<\/strong><\/p>\n\n\n\n<div style=\"height:29px\" aria-hidden=\"true\" class=\"wp-block-spacer\"><\/div>\n\n\n\n<p><\/p>\n","protected":false},"excerpt":{"rendered":"<p>La participation \u00e0 EFMMIN est ouverte aux \u00e9tudiants de masters en deuxi\u00e8me ann\u00e9e ou des \u00e9coles d\u2019ing\u00e9nieurs, aux doctorants et post-doctorants ainsi qu\u2019aux professionnels techniciens, ing\u00e9nieurs, chercheurs et enseignants-chercheurs en relation avec la th\u00e9matique de l\u2019\u00e9cole exer\u00e7ant au Maroc ou en France. Si vous \u00eates au Maroc, veuillez vous connecter au lien suivant et remplir [&hellip;]<\/p>\n","protected":false},"author":1,"featured_media":0,"parent":0,"menu_order":0,"comment_status":"closed","ping_status":"closed","template":"","meta":{"footnotes":""},"_links":{"self":[{"href":"https:\/\/efmmin.com\/6\/wp-json\/wp\/v2\/pages\/24"}],"collection":[{"href":"https:\/\/efmmin.com\/6\/wp-json\/wp\/v2\/pages"}],"about":[{"href":"https:\/\/efmmin.com\/6\/wp-json\/wp\/v2\/types\/page"}],"author":[{"embeddable":true,"href":"https:\/\/efmmin.com\/6\/wp-json\/wp\/v2\/users\/1"}],"replies":[{"embeddable":true,"href":"https:\/\/efmmin.com\/6\/wp-json\/wp\/v2\/comments?post=24"}],"version-history":[{"count":31,"href":"https:\/\/efmmin.com\/6\/wp-json\/wp\/v2\/pages\/24\/revisions"}],"predecessor-version":[{"id":346,"href":"https:\/\/efmmin.com\/6\/wp-json\/wp\/v2\/pages\/24\/revisions\/346"}],"wp:attachment":[{"href":"https:\/\/efmmin.com\/6\/wp-json\/wp\/v2\/media?parent=24"}],"curies":[{"name":"wp","href":"https:\/\/api.w.org\/{rel}","templated":true}]}}