{"id":31,"date":"2016-03-22T14:21:51","date_gmt":"2016-03-22T14:21:51","guid":{"rendered":"https:\/\/efmmin.com\/4\/?page_id=31"},"modified":"2016-05-02T08:37:08","modified_gmt":"2016-05-02T08:37:08","slug":"informations-pratiques","status":"publish","type":"page","link":"https:\/\/efmmin.com\/4\/informations-pratiques\/","title":{"rendered":"Informations pratiques"},"content":{"rendered":"<p style=\"text-align: left;\">La quatri\u00e8me \u00e9dition de l\u2019\u00e9cole EFMMIN se tiendra \u00e0 l\u2019Universit\u00e9 d&rsquo;Aix- Marseille \u2013 Campus St Charles \u00e0 Marseille.<\/p>\n<p style=\"text-align: center;\"> Universit\u00e9 d&rsquo;Aix Marseille<br \/> Campus St Charles<br \/> 3 place Victor Hugo, <br \/> 13003 Marseille, FRANCE<\/p>\n<h2> Acc\u00e8s :<\/h2>\n<ul>\n<li style=\"text-align: justify;\">acc\u00e8s navette de bus \u00e0 partir de l\u2019A\u00e9roport Marseille Provence (www.navettemarseilleaeroport.com) (25 minutes)<\/li>\n<li style=\"text-align: justify;\">acc\u00e8s voiture : autoroute A7 sortie St Charles<\/li>\n<li>acc\u00e8s RTM (http:\/\/www.rtm.fr\/) : m\u00e9tro sortie Gare St Charles (Plan r\u00e9seau RTM)<\/li>\n<li>Stationnement possible sur le parking du campus durant l&rsquo;\u00e9cole (liste nominative obligatoire, pr\u00e9venir l\u2019organisation pour \u00eatre inscrit \u00e0 <br \/> contact@efmmin.com)<\/li>\n<li>lors de votre pr\u00e9sence \u00e0 l\u2019\u00e9cole (C\u00e9r\u00e9monie d\u2019Ouverture le lundi matin, Journ\u00e9e d\u2019Ouverture le lundi ou l\u2019Ecole la semaine), les pauses caf\u00e9 et les d\u00e9jeuners (buffets) se prendront sur place.<\/li>\n<\/ul>\n<p>Pour les participants au d\u00eener EFMMIN, la logistique pour se rendre sur le lieu sera pr\u00e9cis\u00e9e lors de la journ\u00e9e d\u2019ouverture.<\/p>\n<p>l\u2019organisation et la logistique de la visite du CEA Cadarache et du diner le mardi vous seront \u00e9galement pr\u00e9cis\u00e9es durant l\u2019\u00e9cole\u00a0<\/p>\n<p class=\"heure\">A noter :<\/p>\n<p class=\"heure\">L&rsquo;organisation des visites du mus\u00e9e \u00ab\u00a0Espace Mus\u00e9al Charles Fabry\u00a0\u00bb de l\u2019Universit\u00e9 d&rsquo;Aix-Marseille sera communiqu\u00e9e lors de l&rsquo;\u00e9cole.<\/p>\n<p>&nbsp;<\/p>\n<p>La r\u00e9servation et les frais d\u2019h\u00e9bergement sont \u00e0 la charge des participants.\u00a0\u00a0Une \u00a0liste d\u2019h\u00f4tels proches\u00a0du site de St Charles est donn\u00e9e \u00e0 titre indicatif :<\/p>\n<p>&nbsp;<\/p>\n<table border=\"0\" width=\"606\" cellspacing=\"0\" cellpadding=\"0\">\n<colgroup>\n<col width=\"246\" \/>\n<col width=\"162\" \/>\n<col width=\"116\" \/>\n<col width=\"115\" \/> <\/colgroup>\n<tbody>\n<tr>\n<td width=\"153\" height=\"57\">HOTEL<\/td>\n<td width=\"187\">ADRESSE<\/td>\n<td width=\"203\">TELEPHONE<\/td>\n<td width=\"63\">TARIF <br \/> APPROX<\/td>\n<\/tr>\n<tr>\n<td width=\"153\" height=\"58\"><a href=\"http:\/\/www.ibis.com\" target=\"_blank\">H\u00f4tel IBIS<\/a> <br \/> Centre gare St Charles<\/td>\n<td width=\"187\">Square Narvick<br \/> Esplanade Saint Charles<br \/> 13001 Marseille<\/td>\n<td width=\"203\">(+33) 4 91 95 62 09<\/td>\n<td align=\"center\" width=\"63\">61 \u20ac<\/td>\n<\/tr>\n<tr>\n<td width=\"153\" height=\"58\"><a href=\"http:\/\/holiday-inn-exp-marseille.h-rez.com\" target=\"_blank\">Holiday Inn Express<\/a> <br \/> Marseille Saint Charles<\/td>\n<td width=\"187\">15 Boulevard Maurice Bourdet, <br \/> 13001 Marseille<\/td>\n<td width=\"203\">(+33) 4 91 99 59 90<\/td>\n<td align=\"center\" width=\"63\">96 \u20ac<\/td>\n<\/tr>\n<tr>\n<td width=\"153\" height=\"58\"><a href=\"https:\/\/www.balladins.com\" target=\"_blank\">H\u00f4tel Balladins<\/a> <br \/> Marseille Gare<\/td>\n<td width=\"187\">28 boulevard d&rsquo;Ath\u00e8nes, <br \/> 13001 Marseille<\/td>\n<td width=\"203\">(+33) 4 96 21 10 01<\/td>\n<td align=\"center\" width=\"63\">67 \u20ac<\/td>\n<\/tr>\n<tr>\n<td width=\"153\" height=\"58\"><a href=\"http:\/\/www.ibis.com\" target=\"_blank\">H\u00f4tel IBIS<\/a> <br \/> Centre Vieux Port<\/td>\n<td width=\"187\">46 rue Sainte<br \/> 13001 MARSEILLE<\/td>\n<td width=\"203\">(+33) 8 92 68 05 82<\/td>\n<td align=\"center\" width=\"63\">60 \u20ac<\/td>\n<\/tr>\n<tr>\n<td width=\"153\" height=\"57\"><a href=\"http:\/\/www.hotelterminusmarseille.fr\/\" target=\"_blank\">H\u00f4tel Terminus<\/a> <br \/> St Charles<\/td>\n<td width=\"187\">1 Place des Marseillaises<br \/> 13001 Marseille<\/td>\n<td width=\"203\">(+33) 91 90 70 59<\/td>\n<td align=\"center\" width=\"63\">70 \u20ac<\/td>\n<\/tr>\n<\/tbody>\n<\/table>\n<div id=\"attachment_123\" style=\"width: 610px\" class=\"wp-caption aligncenter\"><a href=\"https:\/\/www.google.fr\/maps\/search\/hotel++saint+charles+marseille\/@43.299642,5.3779821,15.5z\" target=\"_blank\" rel=\"attachment wp-att-123\"><img loading=\"lazy\" decoding=\"async\" aria-describedby=\"caption-attachment-123\" class=\"wp-image-123 size-full\" src=\"https:\/\/efmmin.com\/4\/wp-content\/uploads\/sites\/4\/hotel-st-charles.jpg\" alt=\"hotel-st-charles\" width=\"600\" height=\"293\" srcset=\"https:\/\/efmmin.com\/4\/wp-content\/uploads\/sites\/4\/hotel-st-charles.jpg 600w, https:\/\/efmmin.com\/4\/wp-content\/uploads\/sites\/4\/hotel-st-charles-300x147.jpg 300w\" sizes=\"(max-width: 600px) 100vw, 600px\" \/><\/a><p id=\"caption-attachment-123\" class=\"wp-caption-text\">H\u00f4tel pr\u00e8s du Campus<\/p><\/div>\n","protected":false},"excerpt":{"rendered":"<p>La quatri\u00e8me \u00e9dition de l\u2019\u00e9cole EFMMIN se tiendra \u00e0 l\u2019Universit\u00e9 d&rsquo;Aix- Marseille \u2013 Campus St Charles \u00e0 Marseille. Universit\u00e9 d&rsquo;Aix Marseille Campus St Charles 3 place Victor Hugo, 13003 Marseille, FRANCE Acc\u00e8s : acc\u00e8s navette de bus \u00e0 partir de l\u2019A\u00e9roport Marseille Provence (www.navettemarseilleaeroport.com) (25 minutes) acc\u00e8s voiture : autoroute A7 sortie St Charles acc\u00e8s [&hellip;]<\/p>\n","protected":false},"author":1,"featured_media":0,"parent":0,"menu_order":0,"comment_status":"closed","ping_status":"closed","template":"","meta":{"footnotes":""},"_links":{"self":[{"href":"https:\/\/efmmin.com\/4\/wp-json\/wp\/v2\/pages\/31"}],"collection":[{"href":"https:\/\/efmmin.com\/4\/wp-json\/wp\/v2\/pages"}],"about":[{"href":"https:\/\/efmmin.com\/4\/wp-json\/wp\/v2\/types\/page"}],"author":[{"embeddable":true,"href":"https:\/\/efmmin.com\/4\/wp-json\/wp\/v2\/users\/1"}],"replies":[{"embeddable":true,"href":"https:\/\/efmmin.com\/4\/wp-json\/wp\/v2\/comments?post=31"}],"version-history":[{"count":38,"href":"https:\/\/efmmin.com\/4\/wp-json\/wp\/v2\/pages\/31\/revisions"}],"predecessor-version":[{"id":212,"href":"https:\/\/efmmin.com\/4\/wp-json\/wp\/v2\/pages\/31\/revisions\/212"}],"wp:attachment":[{"href":"https:\/\/efmmin.com\/4\/wp-json\/wp\/v2\/media?parent=31"}],"curies":[{"name":"wp","href":"https:\/\/api.w.org\/{rel}","templated":true}]}}